{"id":20142,"date":"2024-12-20T13:03:46","date_gmt":"2024-12-20T12:03:46","guid":{"rendered":"https:\/\/blog.tmgrupoinmobiliario.com\/fr\/?page_id=20142"},"modified":"2024-12-30T08:53:24","modified_gmt":"2024-12-30T07:53:24","slug":"organos-de-gobierno","status":"publish","type":"page","link":"https:\/\/blog.tmgrupoinmobiliario.com\/fr\/organos-de-gobierno\/","title":{"rendered":"\u00d3rganos de gobierno"},"content":{"rendered":"<div class=\"gc\">\n<nav class=\"static-nav inline-nav lineas-nav locked\">\n<ul>\n<li><a href=\"\/fr\/gobierno-corporativo\/plan-director-rc\">Plan directeur en mati\u00e8re de responsabilit\u00e9 de l\u2019entreprise<\/a><\/li>\n<li><a href=\"\/fr\/gobierno-corporativo\/memoria-rc\">Rapports sur la responsabilit\u00e9 de l\u2019entreprise<\/a><\/li>\n<li><a href=\"\/fr\/gobierno-corporativo\/etica-y-gobernanza\">\u00c9thique et gouvernance<\/a><\/li>\n<li><a href=\"\/fr\/gobierno-corporativo\/accion-social\">Action sociale<\/a><\/li>\n<li><a href=\"\/fr\/gobierno-corporativo\/medioambiente\">Environnement<\/a><\/li>\n<\/ul>\n<p>      <button class=\"toggle-static-nav\">menu <i class=\"far fa-caret-square-down\"><\/i><\/button><br \/>\n      <\/nav>\n<div class=\"ca gc-subsection\">\n<div class=\"container mw-1400\">\n<div class=\"mod-promotion-breadcrumb-holder\">\n<ul class=\"breadcrumb\">\n<li><a href=\"\/fr\/gobierno-corporativo#government-org\">Responsabilit\u00e9 de l\u2019entreprise<\/a><\/li>\n<li><strong>Organes de gouvernance<\/strong><\/li>\n<\/ul><\/div>\n<div class=\"ca-intro\"><!--div--><\/p>\n<h4>Conseil de famille<\/h4>\n<div class=\"text\">\n<p>Il s\u2019agit de la gouvernance familiale, r\u00e9gie par le Protocole familial approuv\u00e9 en 2015 et par le R\u00e8glement du Conseil de famille.<\/p>\n<p>Il est organis\u00e9 de mani\u00e8re formelle pour g\u00e9rer les relations de la famille avec l\u2019entreprise, avec un forum ouvert de communication et d\u2019information et l\u2019assurance que la famille d\u2019entrepreneurs \u00e9tablisse un dialogue syst\u00e9matique concernant les \u00e9v\u00e9nements, g\u00e9n\u00e9rant ainsi des relations de confiance et de consensus.<\/p>\n<\/p><\/div>\n<\/p><\/div>\n<p><!--div--><\/p>\n<div class=\"ca-intro\"><!--div--><\/p>\n<h4>Assembl\u00e9e g\u00e9n\u00e9rale des actionnaires<\/h4>\n<div class=\"text\">\n<p>Il s\u2019agit de l\u2019organe souverain de la Soci\u00e9t\u00e9 au sein duquel les actionnaires prennent les d\u00e9cisions les plus importantes concernant les sujets pr\u00e9vus par la loi et les statuts.<\/p>\n<\/p><\/div>\n<\/p><\/div>\n<p><!--div--><\/p>\n<div class=\"ca-intro\"><!--div--><\/p>\n<h4>Conseil d\u2019administration<\/h4>\n<div class=\"text\">\n<p>Il s\u2019agit de l\u2019organe directeur le plus \u00e9lev\u00e9 en mati\u00e8re de responsabilit\u00e9 de l\u2019entreprise, de conformit\u00e9 r\u00e9glementaire et de gestion des risques\u00a0; l\u2019\u00e9l\u00e9ment essentiel pour le bon fonctionnement de la gouvernance d\u2019entreprise. <\/p>\n<p>Au sein de TM Real Estate Group, c\u2019est l\u2019organe qui repr\u00e9sente et dirige le Groupe, d\u00e9finit la strat\u00e9gie et les plans de gestion, approuve les politiques d\u2019entreprise et supervise le Comit\u00e9 de direction concernant la r\u00e9alisation des objectifs.<\/p>\n<p>Ses fonctions sont pr\u00e9cis\u00e9es dans le R\u00e8glement du Conseil d\u2019administration du 17 juin 2015.<\/p>\n<\/p><\/div>\n<\/p><\/div>\n<p><!--div--><br \/>\n             <!--cards--><\/p>\n<div class=\"row ca-cards-container\">\n<div class=\"col col-lg-3 col-md-4 col-sm-6\">\n<div class=\"card-content text-center\">\n<p class=\"card-title\"><b>Pr\u00e9sidente<\/b><\/p>\n<p class=\"card-text\"><!--Jimsol Investments, S.L.U., representada por su administradora \u00fanica, <br \/>--><b>Mme \u00c1ngeles Serna<\/b><\/p>\n<\/p><\/div>\n<\/p><\/div>\n<div class=\"col col-lg-3 col-md-4 col-sm-6\">\n<div class=\"card-content text-center\">\n<p class=\"card-title\"><b>Directeur g\u00e9n\u00e9ral et Secr\u00e9taire<\/b><\/p>\n<p class=\"card-text\"><!--Blanca de Sal Investments, S.L.U., representada por su administrador \u00fanico, <br \/>--><b>M. Pablo Serna<\/b><\/p>\n<\/p><\/div>\n<\/p><\/div>\n<div class=\"col col-lg-3 col-md-4 col-sm-6\">\n<div class=\"card-content text-center\">\n<p class=\"card-title\"><b>Vice-pr\u00e9sident<\/b><\/p>\n<p class=\"card-text\"><!--Capital Investments Jesol, S.L.U., representada por su administrador \u00fanico, <br \/>--><b>M. Jes\u00fas Serna<\/b>.<\/p>\n<\/p><\/div>\n<\/p><\/div>\n<div class=\"col col-lg-3 col-md-4 col-sm-6\">\n<div class=\"card-content text-center\">\n<p class=\"card-title\"><b>Membre<\/b><\/p>\n<p class=\"card-text\"><!--Hejoriola, S.L.U.,<br \/> representada por su administrador \u00fanico, <br \/>--><b>M. Joaqu\u00edn Serna<\/b><\/p>\n<\/p><\/div>\n<\/p><\/div>\n<\/p><\/div>\n<p>            <!--cards--><\/p>\n<div class=\"ca-intro\"><!--div--><\/p>\n<h4>Comit\u00e9 de direction<\/h4>\n<div class=\"text\">\n<p>Il est responsable de la gestion de l\u2019activit\u00e9 du Groupe, tant en Espagne qu\u2019au Mexique. De m\u00eame, il est charg\u00e9 de mettre en place le Plan strat\u00e9gique approuv\u00e9 par le Conseil d\u2019administration, alignant la strat\u00e9gie et les actions entre les diff\u00e9rents services de l\u2019entreprise.<\/p>\n<\/p><\/div>\n<\/p><\/div>\n<p><!--div--><\/p><\/div>\n<\/p><\/div>\n<\/p><\/div>\n","protected":false},"excerpt":{"rendered":"<p>Plan directeur en mati\u00e8re de responsabilit\u00e9 de l\u2019entreprise Rapports sur la responsabilit\u00e9 de l\u2019entreprise \u00c9thique et gouvernance Action sociale Environnement menu Responsabilit\u00e9 de l\u2019entreprise Organes de gouvernance Conseil de famille Il s\u2019agit de la gouvernance familiale, r\u00e9gie par le Protocole familial approuv\u00e9 en 2015 et par le R\u00e8glement du Conseil de famille. Il est organis\u00e9 [&hellip;]<\/p>\n","protected":false},"author":11715,"featured_media":0,"parent":0,"menu_order":0,"comment_status":"closed","ping_status":"closed","template":"","meta":{"footnotes":""},"class_list":["post-20142","page","type-page","status-publish","hentry"],"better_featured_image":null,"acf":[],"yoast_head":"<!-- This site is optimized with the Yoast SEO Premium plugin v23.6 (Yoast SEO v27.5) - https:\/\/yoast.com\/product\/yoast-seo-premium-wordpress\/ -->\n<title>\u00d3rganos de gobierno - Francais<\/title>\n<meta name=\"robots\" content=\"index, follow, max-snippet:-1, max-image-preview:large, max-video-preview:-1\" \/>\n<link rel=\"canonical\" href=\"https:\/\/blog.tmgrupoinmobiliario.com\/fr\/organos-de-gobierno\/\" \/>\n<meta property=\"og:locale\" content=\"fr_FR\" \/>\n<meta property=\"og:type\" content=\"article\" \/>\n<meta property=\"og:title\" content=\"\u00d3rganos de gobierno\" \/>\n<meta property=\"og:description\" content=\"Plan directeur en mati\u00e8re de responsabilit\u00e9 de l\u2019entreprise Rapports sur la responsabilit\u00e9 de l\u2019entreprise \u00c9thique et gouvernance Action sociale Environnement menu Responsabilit\u00e9 de l\u2019entreprise Organes de gouvernance Conseil de famille Il s\u2019agit de la gouvernance familiale, r\u00e9gie par le Protocole familial approuv\u00e9 en 2015 et par le R\u00e8glement du Conseil de famille. Il est organis\u00e9 [&hellip;]\" \/>\n<meta property=\"og:url\" content=\"https:\/\/blog.tmgrupoinmobiliario.com\/fr\/organos-de-gobierno\/\" \/>\n<meta property=\"og:site_name\" content=\"Francais\" \/>\n<meta property=\"article:modified_time\" content=\"2024-12-30T07:53:24+00:00\" \/>\n<meta name=\"twitter:card\" content=\"summary_large_image\" \/>\n<meta name=\"twitter:label1\" content=\"Dur\u00e9e de lecture estim\u00e9e\" \/>\n\t<meta name=\"twitter:data1\" content=\"2 minutes\" \/>\n<script type=\"application\/ld+json\" class=\"yoast-schema-graph\">{\"@context\":\"https:\\\/\\\/schema.org\",\"@graph\":[{\"@type\":\"WebPage\",\"@id\":\"https:\\\/\\\/blog.tmgrupoinmobiliario.com\\\/fr\\\/organos-de-gobierno\\\/\",\"url\":\"https:\\\/\\\/blog.tmgrupoinmobiliario.com\\\/fr\\\/organos-de-gobierno\\\/\",\"name\":\"\u00d3rganos de gobierno - Francais\",\"isPartOf\":{\"@id\":\"https:\\\/\\\/blog.tmgrupoinmobiliario.com\\\/fr\\\/#website\"},\"datePublished\":\"2024-12-20T12:03:46+00:00\",\"dateModified\":\"2024-12-30T07:53:24+00:00\",\"breadcrumb\":{\"@id\":\"https:\\\/\\\/blog.tmgrupoinmobiliario.com\\\/fr\\\/organos-de-gobierno\\\/#breadcrumb\"},\"inLanguage\":\"fr-FR\",\"potentialAction\":[{\"@type\":\"ReadAction\",\"target\":[\"https:\\\/\\\/blog.tmgrupoinmobiliario.com\\\/fr\\\/organos-de-gobierno\\\/\"]}]},{\"@type\":\"BreadcrumbList\",\"@id\":\"https:\\\/\\\/blog.tmgrupoinmobiliario.com\\\/fr\\\/organos-de-gobierno\\\/#breadcrumb\",\"itemListElement\":[{\"@type\":\"ListItem\",\"position\":1,\"name\":\"Portada\",\"item\":\"https:\\\/\\\/blog.tmgrupoinmobiliario.com\\\/fr\\\/\"},{\"@type\":\"ListItem\",\"position\":2,\"name\":\"\u00d3rganos de gobierno\"}]},{\"@type\":\"WebSite\",\"@id\":\"https:\\\/\\\/blog.tmgrupoinmobiliario.com\\\/fr\\\/#website\",\"url\":\"https:\\\/\\\/blog.tmgrupoinmobiliario.com\\\/fr\\\/\",\"name\":\"Francais\",\"description\":\"Otro sitio m\u00e1s de Blog Desarrollo TM sitios\",\"potentialAction\":[{\"@type\":\"SearchAction\",\"target\":{\"@type\":\"EntryPoint\",\"urlTemplate\":\"https:\\\/\\\/blog.tmgrupoinmobiliario.com\\\/fr\\\/?s={search_term_string}\"},\"query-input\":{\"@type\":\"PropertyValueSpecification\",\"valueRequired\":true,\"valueName\":\"search_term_string\"}}],\"inLanguage\":\"fr-FR\"}]}<\/script>\n<!-- \/ Yoast SEO Premium plugin. -->","yoast_head_json":{"title":"\u00d3rganos de gobierno - Francais","robots":{"index":"index","follow":"follow","max-snippet":"max-snippet:-1","max-image-preview":"max-image-preview:large","max-video-preview":"max-video-preview:-1"},"canonical":"https:\/\/blog.tmgrupoinmobiliario.com\/fr\/organos-de-gobierno\/","og_locale":"fr_FR","og_type":"article","og_title":"\u00d3rganos de gobierno","og_description":"Plan directeur en mati\u00e8re de responsabilit\u00e9 de l\u2019entreprise Rapports sur la responsabilit\u00e9 de l\u2019entreprise \u00c9thique et gouvernance Action sociale Environnement menu Responsabilit\u00e9 de l\u2019entreprise Organes de gouvernance Conseil de famille Il s\u2019agit de la gouvernance familiale, r\u00e9gie par le Protocole familial approuv\u00e9 en 2015 et par le R\u00e8glement du Conseil de famille. Il est organis\u00e9 [&hellip;]","og_url":"https:\/\/blog.tmgrupoinmobiliario.com\/fr\/organos-de-gobierno\/","og_site_name":"Francais","article_modified_time":"2024-12-30T07:53:24+00:00","twitter_card":"summary_large_image","twitter_misc":{"Dur\u00e9e de lecture estim\u00e9e":"2 minutes"},"schema":{"@context":"https:\/\/schema.org","@graph":[{"@type":"WebPage","@id":"https:\/\/blog.tmgrupoinmobiliario.com\/fr\/organos-de-gobierno\/","url":"https:\/\/blog.tmgrupoinmobiliario.com\/fr\/organos-de-gobierno\/","name":"\u00d3rganos de gobierno - Francais","isPartOf":{"@id":"https:\/\/blog.tmgrupoinmobiliario.com\/fr\/#website"},"datePublished":"2024-12-20T12:03:46+00:00","dateModified":"2024-12-30T07:53:24+00:00","breadcrumb":{"@id":"https:\/\/blog.tmgrupoinmobiliario.com\/fr\/organos-de-gobierno\/#breadcrumb"},"inLanguage":"fr-FR","potentialAction":[{"@type":"ReadAction","target":["https:\/\/blog.tmgrupoinmobiliario.com\/fr\/organos-de-gobierno\/"]}]},{"@type":"BreadcrumbList","@id":"https:\/\/blog.tmgrupoinmobiliario.com\/fr\/organos-de-gobierno\/#breadcrumb","itemListElement":[{"@type":"ListItem","position":1,"name":"Portada","item":"https:\/\/blog.tmgrupoinmobiliario.com\/fr\/"},{"@type":"ListItem","position":2,"name":"\u00d3rganos de gobierno"}]},{"@type":"WebSite","@id":"https:\/\/blog.tmgrupoinmobiliario.com\/fr\/#website","url":"https:\/\/blog.tmgrupoinmobiliario.com\/fr\/","name":"Francais","description":"Otro sitio m\u00e1s de Blog Desarrollo TM sitios","potentialAction":[{"@type":"SearchAction","target":{"@type":"EntryPoint","urlTemplate":"https:\/\/blog.tmgrupoinmobiliario.com\/fr\/?s={search_term_string}"},"query-input":{"@type":"PropertyValueSpecification","valueRequired":true,"valueName":"search_term_string"}}],"inLanguage":"fr-FR"}]}},"jetpack_sharing_enabled":true,"_links":{"self":[{"href":"https:\/\/blog.tmgrupoinmobiliario.com\/fr\/wp-json\/wp\/v2\/pages\/20142","targetHints":{"allow":["GET"]}}],"collection":[{"href":"https:\/\/blog.tmgrupoinmobiliario.com\/fr\/wp-json\/wp\/v2\/pages"}],"about":[{"href":"https:\/\/blog.tmgrupoinmobiliario.com\/fr\/wp-json\/wp\/v2\/types\/page"}],"author":[{"embeddable":true,"href":"https:\/\/blog.tmgrupoinmobiliario.com\/fr\/wp-json\/wp\/v2\/users\/11715"}],"replies":[{"embeddable":true,"href":"https:\/\/blog.tmgrupoinmobiliario.com\/fr\/wp-json\/wp\/v2\/comments?post=20142"}],"version-history":[{"count":2,"href":"https:\/\/blog.tmgrupoinmobiliario.com\/fr\/wp-json\/wp\/v2\/pages\/20142\/revisions"}],"predecessor-version":[{"id":20162,"href":"https:\/\/blog.tmgrupoinmobiliario.com\/fr\/wp-json\/wp\/v2\/pages\/20142\/revisions\/20162"}],"wp:attachment":[{"href":"https:\/\/blog.tmgrupoinmobiliario.com\/fr\/wp-json\/wp\/v2\/media?parent=20142"}],"curies":[{"name":"wp","href":"https:\/\/api.w.org\/{rel}","templated":true}]}}

Órganos de gobierno

<div class="gc">
<nav class="static-nav inline-nav lineas-nav locked">
<ul>
<li><a href="/fr/gobierno-corporativo/plan-director-rc">Plan directeur en matière de responsabilité de l’entreprise</a></li>
<li><a href="/fr/gobierno-corporativo/memoria-rc">Rapports sur la responsabilité de l’entreprise</a></li>
<li><a href="/fr/gobierno-corporativo/etica-y-gobernanza">Éthique et gouvernance</a></li>
<li><a href="/fr/gobierno-corporativo/accion-social">Action sociale</a></li>
<li><a href="/fr/gobierno-corporativo/medioambiente">Environnement</a></li>
</ul>
<p>      <button class="toggle-static-nav">menu <i class="far fa-caret-square-down"></i></button><br />
      </nav>
<div class="ca gc-subsection">
<div class="container mw-1400">
<div class="mod-promotion-breadcrumb-holder">
<ul class="breadcrumb">
<li><a href="/fr/gobierno-corporativo#government-org">Responsabilité de l’entreprise</a></li>
<li><strong>Organes de gouvernance</strong></li>
</ul></div>
<div class="ca-intro"><!--div--></p>
<h4>Conseil de famille</h4>
<div class="text">
<p>Il s’agit de la gouvernance familiale, régie par le Protocole familial approuvé en 2015 et par le Règlement du Conseil de famille.</p>
<p>Il est organisé de manière formelle pour gérer les relations de la famille avec l’entreprise, avec un forum ouvert de communication et d’information et l’assurance que la famille d’entrepreneurs établisse un dialogue systématique concernant les événements, générant ainsi des relations de confiance et de consensus.</p>
</p></div>
</p></div>
<p><!--div--></p>
<div class="ca-intro"><!--div--></p>
<h4>Assemblée générale des actionnaires</h4>
<div class="text">
<p>Il s’agit de l’organe souverain de la Société au sein duquel les actionnaires prennent les décisions les plus importantes concernant les sujets prévus par la loi et les statuts.</p>
</p></div>
</p></div>
<p><!--div--></p>
<div class="ca-intro"><!--div--></p>
<h4>Conseil d’administration</h4>
<div class="text">
<p>Il s’agit de l’organe directeur le plus élevé en matière de responsabilité de l’entreprise, de conformité réglementaire et de gestion des risques ; l’élément essentiel pour le bon fonctionnement de la gouvernance d’entreprise. </p>
<p>Au sein de TM Real Estate Group, c’est l’organe qui représente et dirige le Groupe, définit la stratégie et les plans de gestion, approuve les politiques d’entreprise et supervise le Comité de direction concernant la réalisation des objectifs.</p>
<p>Ses fonctions sont précisées dans le Règlement du Conseil d’administration du 17 juin 2015.</p>
</p></div>
</p></div>
<p><!--div--><br />
             <!--cards--></p>
<div class="row ca-cards-container">
<div class="col col-lg-3 col-md-4 col-sm-6">
<div class="card-content text-center">
<p class="card-title"><b>Présidente</b></p>
<p class="card-text"><!--Jimsol Investments, S.L.U., representada por su administradora única, <br />--><b>Mme Ángeles Serna</b></p>
</p></div>
</p></div>
<div class="col col-lg-3 col-md-4 col-sm-6">
<div class="card-content text-center">
<p class="card-title"><b>Directeur général et Secrétaire</b></p>
<p class="card-text"><!--Blanca de Sal Investments, S.L.U., representada por su administrador único, <br />--><b>M. Pablo Serna</b></p>
</p></div>
</p></div>
<div class="col col-lg-3 col-md-4 col-sm-6">
<div class="card-content text-center">
<p class="card-title"><b>Vice-président</b></p>
<p class="card-text"><!--Capital Investments Jesol, S.L.U., representada por su administrador único, <br />--><b>M. Jesús Serna</b>.</p>
</p></div>
</p></div>
<div class="col col-lg-3 col-md-4 col-sm-6">
<div class="card-content text-center">
<p class="card-title"><b>Membre</b></p>
<p class="card-text"><!--Hejoriola, S.L.U.,<br /> representada por su administrador único, <br />--><b>M. Joaquín Serna</b></p>
</p></div>
</p></div>
</p></div>
<p>            <!--cards--></p>
<div class="ca-intro"><!--div--></p>
<h4>Comité de direction</h4>
<div class="text">
<p>Il est responsable de la gestion de l’activité du Groupe, tant en Espagne qu’au Mexique. De même, il est chargé de mettre en place le Plan stratégique approuvé par le Conseil d’administration, alignant la stratégie et les actions entre les différents services de l’entreprise.</p>
</p></div>
</p></div>
<p><!--div--></p></div>
</p></div>
</p></div>

<p>Plan directeur en matière de responsabilité de l’entreprise Rapports sur la responsabilité de l’entreprise Éthique et gouvernance Action sociale Environnement menu Responsabilité de l’entreprise Organes de gouvernance Conseil de famille Il s’agit de la gouvernance familiale, régie par le Protocole familial approuvé en 2015 et par le Règlement du Conseil de famille. Il est organisé [&hellip;]</p>

<!-- This site is optimized with the Yoast SEO Premium plugin v23.6 (Yoast SEO v27.5) - https://yoast.com/product/yoast-seo-premium-wordpress/ -->
<title>Órganos de gobierno - Francais</title>
<meta name="robots" content="index, follow, max-snippet:-1, max-image-preview:large, max-video-preview:-1" />
<link rel="canonical" href="https://blog.tmgrupoinmobiliario.com/fr/organos-de-gobierno/" />
<meta property="og:locale" content="fr_FR" />
<meta property="og:type" content="article" />
<meta property="og:title" content="Órganos de gobierno" />
<meta property="og:description" content="Plan directeur en matière de responsabilité de l’entreprise Rapports sur la responsabilité de l’entreprise Éthique et gouvernance Action sociale Environnement menu Responsabilité de l’entreprise Organes de gouvernance Conseil de famille Il s’agit de la gouvernance familiale, régie par le Protocole familial approuvé en 2015 et par le Règlement du Conseil de famille. Il est organisé [&hellip;]" />
<meta property="og:url" content="https://blog.tmgrupoinmobiliario.com/fr/organos-de-gobierno/" />
<meta property="og:site_name" content="Francais" />
<meta property="article:modified_time" content="2024-12-30T07:53:24+00:00" />
<meta name="twitter:card" content="summary_large_image" />
<meta name="twitter:label1" content="Durée de lecture estimée" />
	<meta name="twitter:data1" content="2 minutes" />
<script type="application/ld+json" class="yoast-schema-graph">{"@context":"https:\/\/schema.org","@graph":[{"@type":"WebPage","@id":"https:\/\/blog.tmgrupoinmobiliario.com\/fr\/organos-de-gobierno\/","url":"https:\/\/blog.tmgrupoinmobiliario.com\/fr\/organos-de-gobierno\/","name":"Órganos de gobierno - Francais","isPartOf":{"@id":"https:\/\/blog.tmgrupoinmobiliario.com\/fr\/#website"},"datePublished":"2024-12-20T12:03:46+00:00","dateModified":"2024-12-30T07:53:24+00:00","breadcrumb":{"@id":"https:\/\/blog.tmgrupoinmobiliario.com\/fr\/organos-de-gobierno\/#breadcrumb"},"inLanguage":"fr-FR","potentialAction":[{"@type":"ReadAction","target":["https:\/\/blog.tmgrupoinmobiliario.com\/fr\/organos-de-gobierno\/"]}]},{"@type":"BreadcrumbList","@id":"https:\/\/blog.tmgrupoinmobiliario.com\/fr\/organos-de-gobierno\/#breadcrumb","itemListElement":[{"@type":"ListItem","position":1,"name":"Portada","item":"https:\/\/blog.tmgrupoinmobiliario.com\/fr\/"},{"@type":"ListItem","position":2,"name":"Órganos de gobierno"}]},{"@type":"WebSite","@id":"https:\/\/blog.tmgrupoinmobiliario.com\/fr\/#website","url":"https:\/\/blog.tmgrupoinmobiliario.com\/fr\/","name":"Francais","description":"Otro sitio más de Blog Desarrollo TM sitios","potentialAction":[{"@type":"SearchAction","target":{"@type":"EntryPoint","urlTemplate":"https:\/\/blog.tmgrupoinmobiliario.com\/fr\/?s={search_term_string}"},"query-input":{"@type":"PropertyValueSpecification","valueRequired":true,"valueName":"search_term_string"}}],"inLanguage":"fr-FR"}]}</script>
<!-- / Yoast SEO Premium plugin. -->

Órganos de gobierno - Francais

Plan directeur en matière de responsabilité de l’entreprise Rapports sur la responsabilité de l’entreprise Éthique et gouvernance Action sociale Environnement menu Responsabilité de l’entreprise Organes de gouvernance Conseil de famille Il s’agit de la gouvernance familiale, régie par le Protocole familial approuvé en 2015 et par le Règlement du Conseil de famille. Il est organisé [&hellip;]

Otro sitio más de Blog Desarrollo TM sitios
