{"version":"1.0","provider_name":"Francais","provider_url":"https:\/\/blog.tmgrupoinmobiliario.com\/fr","author_name":"alberto","author_url":"https:\/\/blog.tmgrupoinmobiliario.com\/fr\/author\/alberto\/","title":"TM en Belgique","type":"rich","width":600,"height":338,"html":"<blockquote class=\"wp-embedded-content\" data-secret=\"u6jKJ07M63\"><a href=\"https:\/\/blog.tmgrupoinmobiliario.com\/fr\/2020\/08\/25\/tm-en-belgique\/\">TM en Belgique<\/a><\/blockquote><iframe sandbox=\"allow-scripts\" security=\"restricted\" src=\"https:\/\/blog.tmgrupoinmobiliario.com\/fr\/2020\/08\/25\/tm-en-belgique\/embed\/#?secret=u6jKJ07M63\" width=\"600\" height=\"338\" title=\"\u00ab\u00a0TM en Belgique\u00a0\u00bb &#8212; Francais\" data-secret=\"u6jKJ07M63\" frameborder=\"0\" marginwidth=\"0\" marginheight=\"0\" scrolling=\"no\" class=\"wp-embedded-content\"><\/iframe><script type=\"text\/javascript\">\n\/* <![CDATA[ *\/\n\/*! This file is auto-generated *\/\n!function(d,l){\"use strict\";l.querySelector&&d.addEventListener&&\"undefined\"!=typeof URL&&(d.wp=d.wp||{},d.wp.receiveEmbedMessage||(d.wp.receiveEmbedMessage=function(e){var t=e.data;if((t||t.secret||t.message||t.value)&&!\/[^a-zA-Z0-9]\/.test(t.secret)){for(var s,r,n,a=l.querySelectorAll('iframe[data-secret=\"'+t.secret+'\"]'),o=l.querySelectorAll('blockquote[data-secret=\"'+t.secret+'\"]'),c=new RegExp(\"^https?:$\",\"i\"),i=0;i<o.length;i++)o[i].style.display=\"none\";for(i=0;i<a.length;i++)s=a[i],e.source===s.contentWindow&&(s.removeAttribute(\"style\"),\"height\"===t.message?(1e3<(r=parseInt(t.value,10))?r=1e3:~~r<200&&(r=200),s.height=r):\"link\"===t.message&&(r=new URL(s.getAttribute(\"src\")),n=new URL(t.value),c.test(n.protocol))&&n.host===r.host&&l.activeElement===s&&(d.top.location.href=t.value))}},d.addEventListener(\"message\",d.wp.receiveEmbedMessage,!1),l.addEventListener(\"DOMContentLoaded\",function(){for(var e,t,s=l.querySelectorAll(\"iframe.wp-embedded-content\"),r=0;r<s.length;r++)(t=(e=s[r]).getAttribute(\"data-secret\"))||(t=Math.random().toString(36).substring(2,12),e.src+=\"#?secret=\"+t,e.setAttribute(\"data-secret\",t)),e.contentWindow.postMessage({message:\"ready\",secret:t},\"*\")},!1)))}(window,document);\n\/\/# sourceURL=https:\/\/blog.tmgrupoinmobiliario.com\/fr\/wp-includes\/js\/wp-embed.min.js\n\/* ]]> *\/\n<\/script>\n","thumbnail_url":"https:\/\/blog.tmgrupoinmobiliario.com\/fr\/wp-content\/uploads\/sites\/5\/2020\/11\/image-2020-11-11T180321.733.jpg","thumbnail_width":1000,"thumbnail_height":666,"description":"&nbsp; Au cours des cinq derni\u00e8res ann\u00e9es,\u00a0TM\u00a0a vu le nombre de clients en provenance de\u00a0Belgique\u00a0et des\u00a0Pays-Bas\u00a0augmenter et venir agrandir sa grande famille de propri\u00e9taires. Nombreux sont les citoyens belges et hollandais qui ont d\u00e9j\u00e0 choisi un logement\u00a0TM\u00a0et nous tenons \u00e0 les remercier de leur confiance. \u00a0 TM\u00a0s\u2019est engag\u00e9e en faveur de l\u2019am\u00e9lioration des services. C\u2019est [&hellip;]"}

&nbsp; Au cours des cinq dernières années, TM a vu le nombre de clients en provenance de Belgique et des Pays-Bas augmenter et venir agrandir sa grande famille de propriétaires. Nombreux sont les citoyens belges et hollandais qui ont déjà choisi un logement TM et nous tenons à les remercier de leur confiance.   TM s’est engagée en faveur de l’amélioration des services. C’est [&hellip;]
