{"version":"1.0","provider_name":"Deutsche","provider_url":"https:\/\/blog.tmgrupoinmobiliario.com\/de","author_name":"fara","author_url":"https:\/\/blog.tmgrupoinmobiliario.com\/de\/author\/fara\/","title":"Ein Jahr Der Anerkennung","type":"rich","width":600,"height":338,"html":"<blockquote class=\"wp-embedded-content\" data-secret=\"lTp19MM2i6\"><a href=\"https:\/\/blog.tmgrupoinmobiliario.com\/de\/2018\/12\/27\/ein-jahr-der-anerkennung\/\">Ein Jahr Der Anerkennung<\/a><\/blockquote><iframe sandbox=\"allow-scripts\" security=\"restricted\" src=\"https:\/\/blog.tmgrupoinmobiliario.com\/de\/2018\/12\/27\/ein-jahr-der-anerkennung\/embed\/#?secret=lTp19MM2i6\" width=\"600\" height=\"338\" title=\"&#8222;Ein Jahr Der Anerkennung&#8220; &#8211; Deutsche\" data-secret=\"lTp19MM2i6\" frameborder=\"0\" marginwidth=\"0\" marginheight=\"0\" scrolling=\"no\" class=\"wp-embedded-content\"><\/iframe><script type=\"text\/javascript\">\n\/* <![CDATA[ *\/\n\/*! This file is auto-generated *\/\n!function(d,l){\"use strict\";l.querySelector&&d.addEventListener&&\"undefined\"!=typeof URL&&(d.wp=d.wp||{},d.wp.receiveEmbedMessage||(d.wp.receiveEmbedMessage=function(e){var t=e.data;if((t||t.secret||t.message||t.value)&&!\/[^a-zA-Z0-9]\/.test(t.secret)){for(var s,r,n,a=l.querySelectorAll('iframe[data-secret=\"'+t.secret+'\"]'),o=l.querySelectorAll('blockquote[data-secret=\"'+t.secret+'\"]'),c=new RegExp(\"^https?:$\",\"i\"),i=0;i<o.length;i++)o[i].style.display=\"none\";for(i=0;i<a.length;i++)s=a[i],e.source===s.contentWindow&&(s.removeAttribute(\"style\"),\"height\"===t.message?(1e3<(r=parseInt(t.value,10))?r=1e3:~~r<200&&(r=200),s.height=r):\"link\"===t.message&&(r=new URL(s.getAttribute(\"src\")),n=new URL(t.value),c.test(n.protocol))&&n.host===r.host&&l.activeElement===s&&(d.top.location.href=t.value))}},d.addEventListener(\"message\",d.wp.receiveEmbedMessage,!1),l.addEventListener(\"DOMContentLoaded\",function(){for(var e,t,s=l.querySelectorAll(\"iframe.wp-embedded-content\"),r=0;r<s.length;r++)(t=(e=s[r]).getAttribute(\"data-secret\"))||(t=Math.random().toString(36).substring(2,12),e.src+=\"#?secret=\"+t,e.setAttribute(\"data-secret\",t)),e.contentWindow.postMessage({message:\"ready\",secret:t},\"*\")},!1)))}(window,document);\n\/\/# sourceURL=https:\/\/blog.tmgrupoinmobiliario.com\/de\/wp-includes\/js\/wp-embed.min.js\n\/* ]]> *\/\n<\/script>\n","thumbnail_url":"https:\/\/blog.tmgrupoinmobiliario.com\/de\/wp-content\/uploads\/sites\/3\/2018\/12\/fotografos_20181107_214901.jpg","thumbnail_width":1000,"thumbnail_height":676,"description":"Erst Anerkennung und Wertsch\u00e4tzung von au\u00dfen sind die Best\u00e4tigung, dass sich Arbeit, M\u00fche und Begeisterung eines Unternehmens auch ausgezahlt haben. Dieses Jahr wurde TM Grupo Inmobiliario mit verschiedenen, sehr wichtigen Pr\u00e4mien und Auszeichnungen der Firmen- und Immobilienbranche bedacht. Von diesen m\u00f6chten wir besonders zwei erw\u00e4hnen, auf die wir besonders stolz sind. Anfang Oktober hat unsere [&hellip;]"}

Erst Anerkennung und Wertschätzung von außen sind die Bestätigung, dass sich Arbeit, Mühe und Begeisterung eines Unternehmens auch ausgezahlt haben. Dieses Jahr wurde TM Grupo Inmobiliario mit verschiedenen, sehr wichtigen Prämien und Auszeichnungen der Firmen- und Immobilienbranche bedacht. Von diesen möchten wir besonders zwei erwähnen, auf die wir besonders stolz sind. Anfang Oktober hat unsere [&hellip;]
